?
5, 7, 1682423
List the prime factors of 244597827.
3, 107, 701, 1087
What are the prime factors of 508777200?
2, 3, 5, 41, 383
What are the prime factors of 2928260388?
2, 3, 53, 59, 73, 1069
What are the prime factors of 28155869?
7, 577, 6971
List the prime factors of 28137874.
2, 14068937
What are the prime factors of 4229877094?
2, 41, 421, 122527
List the prime factors of 443033501.
79, 199, 28181
What are the prime factors of 36152660?
2, 5, 1807633
What are the prime factors of 43836558?
2, 3, 7306093
What are the prime factors of 455846743?
11, 41440613
What are the prime factors of 29006755?
5, 47, 123433
What are the prime factors of 63643234?
2, 41, 776137
List the prime factors of 1874913324.
2, 3, 61, 263, 9739
List the prime factors of 2315472008.
2, 23, 139, 90533
What are the prime factors of 3378433571?
433, 7802387
List the prime factors of 900936814.
2, 3049, 147743
List the prime factors of 47182143.
3, 163, 96487
What are the prime factors of 45095156?
2, 37, 53, 5749
What are the prime factors of 91179110?
2, 5, 11, 828901
List the prime factors of 408832109.
7, 58404587
What are the prime factors of 97524047?
31, 257, 12241
What are the prime factors of 532453584?
2, 3, 13, 853291
What are the prime factors of 4577521969?
31, 5503, 26833
What are the prime factors of 52641870?
2, 3, 5, 1754729
What are the prime factors of 123315429?
3, 2621, 15683
What are the prime factors of 3508965780?
2, 3, 5, 29, 419, 4813
What are the prime factors of 242543516?
2, 60635879
What are the prime factors of 64700085?
3, 5, 4313339
What are the prime factors of 463768976?
2, 11, 17, 155003
List the prime factors of 66401972.
2, 7, 13, 182423
List the prime factors of 299059540.
2, 5, 13, 1150229
List the prime factors of 1098601229.
11, 29, 313081
List the prime factors of 2195638405.
5, 263, 1669687
What are the prime factors of 2014823030?
2, 5, 11, 1665143
List the prime factors of 252031080.
2, 3, 5, 7, 151, 1987
List the prime factors of 186355882.
2, 93177941
List the prime factors of 2722976940.
2, 3, 5, 163, 509, 547
List the prime factors of 1056493543.
7, 17, 367, 1423
List the prime factors of 2186710088.
2, 67, 4079683
List the prime factors of 561706476.
2, 3, 163, 211, 1361
List the prime factors of 19920585.
3, 5, 127, 10457
What are the prime factors of 2469133862?
2, 13, 94966687
What are the prime factors of 20028287?
20028287
What are the prime factors of 551865310?
2, 5, 55186531
List the prime factors of 3501626680.
2, 5, 17, 89, 57859
List the prime factors of 1186467503.
13, 101, 313, 2887
List the prime factors of 158000613.
3, 29, 1816099
What are the prime factors of 161162379?
3, 7, 284237
What are the prime factors of 585787943?
13, 23, 89, 22013
What are the prime factors of 762171360?
2, 3, 5, 359, 4423
What are the prime factors of 6162230088?
2, 3, 7, 83, 49103
List the prime factors of 221644131.
3, 73881377
What are the prime factors of 348422123?
7, 17, 2927917
List the prime factors of 398211372.
2, 3, 13, 850879
List the prime factors of 2375430332.
2, 11, 17, 1181, 2689
List the prime factors of 1485229934.
2, 13933, 53299
List the prime factors of 4621172855.
5, 13, 113, 281, 2239
List the prime factors of 204449523.
3, 739, 92219
What are the prime factors of 603834426?
2, 3, 13, 286721
List the prime factors of 123414101.
17, 19, 382087
What are the prime factors of 18168131?
4091, 4441
List the prime factors of 35918263.
17, 73, 103, 281
List the prime factors of 3465570261.
3, 59, 19579493
What are the prime factors of 1526508215?
5, 305301643
List the prime factors of 85295812.
2, 7, 61, 49939
What are the prime factors of 931441592?
2, 116430199
What are the prime factors of 45180610?
2, 5, 4518061
What are the prime factors of 308052027?
3, 34228003
List the prime factors of 7323503005.
5, 7, 13, 67, 34319
List the prime factors of 97627522.
2, 48813761
List the prime factors of 458357963.
7, 29, 701, 3221
List the prime factors of 383624.
2, 79, 607
List the prime factors of 1180825510.
2, 5, 118082551
What are the prime factors of 6244453?
37, 168769
List the prime factors of 132385633.
132385633
List the prime factors of 99606859.
11, 17, 23, 23159
List the prime factors of 480412822.
2, 23, 10443757
What are the prime factors of 286626525?
3, 5, 3821687
List the prime factors of 1294233901.
1294233901
List the prime factors of 2832927347.
103, 27504149
What are the prime factors of 3084923106?
2, 3, 19, 9020243
List the prime factors of 104204199.
3, 11, 3157703
List the prime factors of 461996062.
2, 11, 97, 216493
List the prime factors of 244841937.
3, 31, 89, 29581
What are the prime factors of 86478317?
86478317
What are the prime factors of 193327039?
463, 417553
What are the prime factors of 997524037?
997524037
What are the prime factors of 46040461?
271, 169891
List the prime factors of 4673408347.
34301, 136247
What are the prime factors of 17466793?
353, 49481
What are the prime factors of 2395217154?
2, 3, 11, 83, 437243
List the prime factors of 12516475.
5, 379, 1321
What are the prime factors of 94853322?
2, 3, 139, 12637
What are the prime factors of 22144770?
2, 3, 5, 197, 1249
List the prime factors of 266241828.
2, 3, 17, 76771
What are the prime factors of 51803481?
3, 19, 199, 4567
What are the prime factors of 78462281?
8719, 8999
List the prime factors of 298662340.
2, 5, 1721, 8677
List the prime factors of 718638850.
2, 5, 29, 495613
What are the prime factors of 91438684?
2, 157, 145603
What are the prime factors of 40347897?
3, 607, 22157
List the prime factors of 269663441.
397, 691, 983
What are the prime factors of 271009215?
3, 5, 73, 82499
What are the prime factors of 21468152?
2, 2683519
List the prime factors of 46708374.
2, 3, 7784729
List the prime factors of 976649513.
7, 31, 4500689
List the prime factors of 395499218.
2, 131, 673, 2243
What are the prime factors of 110286851?
2341, 47111
What are the prime factors of 107534690?
2, 5, 17, 632557
What are the prime factors of 36438627?
3, 41, 296249
List the prime factors of 35272814.
2, 43, 410149
What are the prime factors of 9445532?
2, 29, 107, 761
List the prime factors of 321578287.
19, 16925173
What are the prime factors of 1102096552?
2, 137762069
List the prime factors of 172827214.
2, 7, 1763543
List the prime factors of 16494426.
2, 3, 13, 70489
What are the prime factors of 74958753?
3, 883, 28297
What are the prime factors of 347525142?
2, 3, 57920857
What are the prime factors of 168940319?
251, 673069
What are the prime factors of 682868527?
11, 31, 2002547
What are the prime factors of 1949305992?
2, 3, 29, 281, 9967
What are the prime factors of 68101681?
19, 61, 67, 877
List the prime factors of 128177701.
128177701
List the prime factors of 2450835198.
2, 3, 7, 233, 27827
List the prime factors of 685849942.
2, 29, 443, 26693
List the prime factors of 68721042.
2, 3, 13, 71, 12409
List the prime factors of 2779194258.
2, 3, 19, 971, 8369
What are the prime factors of 59492245?
5, 11898449
List the prime factors of 534573530.
2, 5, 29, 1843357
What are the prime factors of 4320391147?
4320391147
List the prime factors of 16297364.
2, 19, 214439
What are the prime factors of 1505781881?
251, 1801, 3331
What are the prime factors of 47714149?
7, 19, 358753
What are the prime factors of 7720558415?
5, 17, 467, 673
What are the prime factors of 22822906?
2, 61, 187073
List the prime factors of 544727361.
3, 353, 514379
What are the prime factors of 1143760525?
5, 191, 239531
What are the prime factors of 204420807?
3, 89, 97, 877
What are the prime factors of 305027834?
2, 1021, 149377
What are the prime factors of 878259902?
2, 13, 33779227
What are the prime factors of 25760326?
2, 1153, 11171
List the prime factors of 714038041.
157, 4548013
List the prime factors of 157387157.
53, 2969569
List the prime factors of 44372154.
2, 3, 7395359
What are the prime factors of 42917481?
3, 4768609
What are the prime factors of 2335025199?
3, 13, 79, 757879
List the prime factors of 61596153.
3, 61, 149, 251
List the prime factors of 49610074.
2, 2647, 9371
List the prime factors of 233138204.
2, 13, 17, 20287
What are the prime factors of 148143578?
2, 11, 41, 164239
What are the prim